7) - (2/(-17) + 372/1428). What is the greatest common factor of h and k?
13
Let u be ((-28)/(-2))/(-2)*9. Let a be (-3)/(u/(-6)) - 6/(-21). Suppose a = -2*k + 3*k - 2. Calculate the greatest common divisor of k and 9.
1
Suppose 0 = 7*q - 5*q - 48. Let j be (15 + -8)/(2/q). Let o be 4/(-10)*(-39 + 4). Calculate the greatest common factor of j and o.
14
Let u(w) = 234*w - 9824. Let d be u(42). Suppose 5*o - 2*o - 102 = 0. Calculate the highest common divisor of o and d.
2
Suppose 334*g - 212383 - 128868 = -67*g. What is the greatest common divisor of g and 2257?
37
Suppose -23*b - 81263 = -36*b - 34*b. Calculate the greatest common factor of b and 455.
91
Let x be (996/(-10))/(16/5 + -3). Let c be x/(-15) - 4/(-4 + 24). Calculate the highest common divisor of 121 and c.
11
Let g be ((-20)/12 + -1)*(-12)/8. Suppose i + g*i - 1105 = 0. What is the greatest common factor of i and 39?
13
Let x = 2233 + -1583. Let w be 60 + -47 + 39 + (3 - 3). What is the highest common factor of w and x?
26
Let f(m) = 2*m**3 + 3*m**2 - m - 2. Let v be f(-1). Suppose -13*u + 19*u - 18 = v. What is the greatest common divisor of 6 and u?
3
Suppose 6*g = 6, -4*g - 1631 + 95 = -o. What is the highest common divisor of o and 550?
110
Suppose 3*t = 4*r - 47032, t - 22981 = -3*r + 12319. Calculate the highest common divisor of 204 and r.
68
Suppose -3512*m = -3518*m + 3420. Calculate the greatest common factor of m and 969.
57
Suppose -2*z = -f - 1114, 0 = -4*z - 34*f + 38*f + 2224. What is the greatest common divisor of z and 918?
18
Let o(c) = c**3 - c**2 + 2*c - 81. Let i be o(0). Let r = i - -223. Calculate the greatest common factor of r and 355.
71
Let a(l) = -224*l**3 + 3*l**2 - 4*l - 1. Let r be a(-1). What is the highest common divisor of 7015 and r?
115
Let o be 5*7/(-140) + (-6 - (-120740)/16). Calculate the greatest common factor of o and 232.
116
Suppose 9392 = 2*h + 20*i - 18*i, -5*h + 3*i + 23448 = 0. Calculate the highest common factor of h and 1932.
276
Suppose 3*o + 3*v = 111 - 15, 5*o - 3*v = 160. Suppose n + 0*n - o = -5*f, 97 = 5*n + 4*f. Let i = n + 15. What is the greatest common divisor of i and 8?
8
Suppose 5*t - 22*f + 24*f = 746, -2*f = 4. Calculate the highest common divisor of t and 3060.
30
Suppose -2*g - 6*g - 4*t + 516 = 0, 2*g = -5*t + 117. What is the greatest common factor of g and 1067?
11
Suppose 3*c - 28 = 32. Suppose -2*y = 3*y - c. Suppose 2*v - 2*b = -0*b + 320, 2*v - 320 = y*b. What is the greatest common divisor of v and 16?
16
Let r(j) = -2*j**2 + 19*j - 14. Let s be r(10). Let v = 26 + s. Suppose 2*c - u = -3*c + 6, -v = -c + u. What is the highest common factor of 3 and c?
1
Suppose 5*i - 16*o - 16641 = -13*o, -7*i = 5*o - 23325. Calculate the highest common factor of i and 162.
18
Let c = 19306 - 19282. What is the highest common factor of c and 81?
3
Let c be 48 - 26 - (-6)/(-1). Suppose -6*b = -b - z - 17, -b + c = 4*z. What is the highest common factor of 12 and b?
4
Let b be (-1220)/(-8) + 2/4. Let j = 111 + b. Suppose 136 = 8*s - j. Calculate the greatest common factor of 40 and s.
10
Suppose -3*p = -5 - 46. Suppose -a = -2*a + 3. Suppose 3*y - 5 - 52 = -a*x, y - 7 = 5*x. Calculate the highest common divisor of p and y.
17
Suppose 5*x + 25 = 0, -3*x = -2*d + 8743 + 65372. What is the greatest common factor of d and 114?
114
Let v = 5994 - 5981. Let l be ((-8)/1 + -1)*-1. Suppose -l*x - 164 = -v*x. What is the greatest common divisor of x and 82?
41
Suppose -4*i - 8 = 0, 2*i - 85 = 3*l - 263. Calculate the highest common divisor of l and 522.
58
Let g(k) = 10*k - 8. Let c be g(1). Suppose 15 = 3*t + c*t. Suppose -2*n - 260 = -5*p, -t*n - n - 170 = -3*p. Calculate the greatest common factor of p and 10.
10
Let b = 13465 - 13341. Calculate the greatest common divisor of 4836 and b.
124
Suppose -5*j + 2*o + 2550 = 0, -4*o = -0*o. Suppose -2*z = 8*z - j. Let m = z + -38. Calculate the highest common factor of m and 13.
13
Let t be (730/4)/(22/352). Calculate the greatest common factor of 40 and t.
40
Suppose -5*g = -2*s + 276, 2*g + 252 = 2*s + 3*g. What is the highest common divisor of 928 and s?
32
Let s = -477 + 772. Let h = s + -277. What is the highest common divisor of h and 63?
9
Let s = -78 + 122. Let t(h) = -7*h + 93. Let c be t(11). Let w be 1/(-4) + 178/c*2. What is the highest common divisor of w and s?
22
Suppose -3*c - b = -6*c + 44, 2*c - 41 = 3*b. Suppose 2*j - 3*a = -2*j + 13, 2*j = -2*a + 24. What is the highest common factor of j and c?
1
Suppose -l + 57 = t, -4*t + 0*l = -5*l - 210. Let h = 2854 + -2733. Calculate the highest common factor of h and t.
11
Suppose -m - 189 = -4*m + h, 2*h + 254 = 4*m. Suppose 4*f = -2*v - 0*f - m, -3*v - 73 = f. Let y = v + 67. What is the highest common divisor of y and 11?
11
Let k = -109 - -198. Suppose -79*g + k*g = 2300. Calculate the highest common factor of 92 and g.
46
Suppose -166*z - 255*z + 37505 = 6351. Calculate the greatest common divisor of z and 4736.
74
Suppose -74*t + 48102 = -155546. Calculate the highest common divisor of t and 129.
43
Let l(q) = 2*q + 3. Suppose 0 = -2*f + 1 - 3, -5*b - 2 = 2*f. Let y be l(b). Let t be 4/22 + 524/22. What is the highest common divisor of t and y?
3
Let o(l) = 416*l - 210. Let g be o(28). Calculate the highest common factor of 38 and g.
38
Suppose 2176 = 10*k - 224. Suppose 0 = -30*x + 45*x - k. Calculate the greatest common factor of x and 72.
8
Suppose 0 = 9*f - f - 328. Suppose -49 = -6*c + f. Calculate the greatest common factor of 60 and c.
15
Suppose 5*u + 13 = 2*b + 2*u, -3*b = -3*u - 18. Suppose -3*a + l + 129 = -8, -25 = b*l. Let s = 62 + 114. Calculate the greatest common divisor of a and s.
44
Suppose 0 = f + u + 2, -f + 3 - 11 = 3*u. Let y be 6/(6/(-16)*2). Let j be (224/(-12))/y*3. Calculate the greatest common factor of f and j.
1
Let g(w) = -144*w - 1. Let y be g(-4). Let v(i) = -509*i + 10714. Let n be v(21). Calculate the greatest common divisor of n and y.
25
Suppose p - 15 = -i, -3*i + 722 = -2*p + 672. What is the highest common divisor of 648 and i?
8
Suppose u - 6*u = -15. Suppose -u*a = -m - 99, 7*m - 8*m + 3 = 0. Let d be (3/(-6))/(2/(-204)). What is the highest common factor of a and d?
17
Suppose 3*b = 2*d - b - 4, -5*b = -5*d + 20. Suppose 5 + 13 = d*a. Suppose -126 = a*n - 5*n - 3*w, 5*w - 70 = -n. What is the highest common factor of n and 20?
20
Suppose -82*t + 93*t - 297 = 0. Suppose -3*j + 1497 = 201. What is the highest common divisor of t and j?
27
Let r be (-91)/728 + 169/8 + -2. Let d(f) = f**2 - 6*f - 9. Let t be d(-11). Let b = -83 + t. What is the greatest common factor of r and b?
19
Let l be (-4)/14 + (-5 - (-568)/28). Let f(z) = z**3 - 14*z**2 - 15*z + 11. Let o be f(l). What is the highest common factor of o and 121?
11
Suppose -2*v + 3*u + 4 = -15, -v - 2*u = 1. Let h be ((-30)/(-16))/v + 711/24. What is the highest common factor of 3 and h?
3
Suppose -85*w + 2002 = 58*w. What is the highest common divisor of w and 637?
7
Let f = 112 + -109. Suppose 80 = 5*t + 5*k, 41 + 18 = 4*t + f*k. Calculate the greatest common factor of 77 and t.
11
Suppose -3*v - 5*k = -8295, -179*k - 18 = -182*k. Calculate the highest common factor of 290 and v.
145
Suppose 0 = 15*k + 6*k - 861. Suppose 4*r + 20 = s, -4*r - 27 = -3*s + k. Calculate the greatest common divisor of 408 and s.
24
Let i be (-27)/(972/(-24)) - (-601)/3. Let t be (-1)/((-2)/(-8)) + (-31 - -102). What is the greatest common factor of i and t?
67
Suppose -2*y - 999 = -3*q + 2*q, y + 482 = -3*q. Let u = 1217 + y. What is the greatest common divisor of 16 and u?
16
Let l(r) = 3*r**2 + 563*r + 14196. Let d be l(-30). Let y be 2/(-4) - (-2618)/4. Calculate the greatest common factor of d and y.
6
Suppose 4*j + 38 = 50. Suppose -26 = -j*h + 16*h. Let o be ((-31)/2)/((-1)/h*-1). What is the highest common factor of 341 and o?
31
Let a(l) = l**2 - 6*l - 31. Let u be a(9). Let y = u - -52. Suppose 3*n - 124 = m, -3*m - y = -n - 12. Calculate the greatest common divisor of 6 and n.
6
Suppose 0 = 38*r - 60*r + 5082. Calculate the highest common divisor of 1419 and r.
33
Suppose -3*s + 8*s - 177 = -4*r, -3*s = 3*r - 108. Suppose 2*j = 4*u + 56, -u - s = 2*j - 94. What is the highest common divisor of j and 210?
30
Suppose -33 = 19*o - 1